 What is the tens digit of h?
5
Suppose 12*c - 208556 = -8*v + 16*c, c + 130355 = 5*v. What is the hundreds digit of v?
0
Let o(q) = 11*q + 3. Let y be ((-8)/(-6))/(30/(-45)). Let d be o(y). Let u(n) = -5*n - 22. What is the tens digit of u(d)?
7
Let a(g) = 179*g + 253. Let l be a(10). Let h = l - 869. What is the thousands digit of h?
1
Suppose 2019913 = 52*q + 33*q + 568708. What is the tens digit of q?
7
Suppose 0 = -30*g - 55789 + 305929. What is the units digit of (-4)/7 + g/14?
5
Suppose -5*h - 4*t = -1481, -225 = -h - 4*t + 84. Suppose -16*l + h = -15*l. What is the units digit of l?
3
Let k = 215 + -233. Let i(r) = -33*r - 154. What is the units digit of i(k)?
0
Let u(l) = -7*l - 37. Let b(m) = 11*m + 56. Let z(d) = 5*b(d) + 7*u(d). Let h(f) = f**3 + 4*f**2 - 7*f - 1. Let c be h(-5). What is the tens digit of z(c)?
7
Let s(a) = -5*a + 49. Let r be s(10). Let i(m) = 385*m**2 - 3*m. What is the units digit of i(r)?
8
Suppose 0 = -3*q + 4*v - 2*v + 17229, -q + 5757 = 4*v. Suppose 12*d - 6219 = q. What is the units digit of d?
7
Let j = -180 - -292. Let r = j - 65. Let u = 141 - r. What is the tens digit of u?
9
Let n = 11 + -16. Let z be (56 - 56) + -21 + 1. Let k = n - z. What is the tens digit of k?
1
Let u(r) = -r**3 + r**2 + 2*r. Let q be u(4). Let x be 4/5 - 48/q. Suppose 237 = x*b + 15. What is the hundreds digit of b?
1
Let h(b) = 1256*b**2 - 8*b - 22. What is the hundreds digit of h(-2)?
0
Let y = 62 + -40. Suppose 68*b + y = 70*b. Suppose 912 = 17*u - b*u. What is the tens digit of u?
5
Let w(n) = 63*n**3 - 6*n**2 - n + 3. Let c be w(2). Let o = c + -210. What is the hundreds digit of o?
2
What is the thousands digit of -16 + (-1576694)/(-35) - (2 - (-26)/(-10))?
5
Let b(z) = -z**3 + 8*z**2 - 6*z + 7. Let g be b(4). Let k = g + -63. What is the units digit of (5/((-80)/(-84)))/((-3)/k)?
8
Let t(l) = l**2 + 13*l + 64. Let m be t(17). Suppose 39*h - 32*h = m. What is the tens digit of h?
8
Let i(w) = w**3 + 13*w**2 + 30*w + 4. Let r be i(-10). Suppose 0 = 3*s - 6. Suppose s*t = r*t - 156. What is the units digit of t?
8
Let h = 613 - 127. Let s = h - -249. What is the hundreds digit of s?
7
Let s(a) = 45*a**2 - 23*a - 56. What is the thousands digit of s(-5)?
1
Let r be (-60)/(-9 - (-165)/20). Let k = -20 - -38. Let b = r - k. What is the tens digit of b?
6
Suppose -28*u + 518035 = 13*u - 6*u. What is the hundreds digit of u?
8
Let p = -2384 + 4183. Suppose -z + 5939 = p. Suppose 9*t + 9*t - z = 0. What is the hundreds digit of t?
2
Let y(x) = -7952*x**3 - 27*x**2 - 30*x - 5. What is the tens digit of y(-1)?
5
Let q(p) = -611*p - 2216. What is the units digit of q(-21)?
5
Suppose -4*b = 7*b - 20504. Suppose -5*g = -1471 - b. Let t = -457 + g. What is the hundreds digit of t?
2
Let s be (-2)/4*(28 - -322). Let p = 58 + s. Let t = p - -215. What is the units digit of t?
8
Suppose 0 = -3*d + 3*y + 5730, 51*d - 49*d = -y + 3811. What is the units digit of d?
7
Let j(a) = 350*a**3 + a**2. Let h be j(-1). What is the units digit of (-1)/2 - h/2?
4
Let z = 254 + 31. What is the units digit of z?
5
Suppose -5*s - 2*x = 5368, -8*x + 4299 = -4*s - 5*x. Let t = s + 1813. What is the units digit of t?
9
Suppose -5000 = -h - 3*x, 4*h + 131*x = 132*x + 20000. What is the hundreds digit of h?
0
Let j = -85 - 38. Let v = j + 211. What is the units digit of v?
8
Let p = -22367 + 13033. What is the tens digit of p/(-11) + (-108)/198?
4
Suppose 78*w = 82*w + 25128. What is the units digit of (2 - (9 - 2))*w/30?
7
Let o = 95 + -70. Suppose y = -0*s - s + 8, 2*y - o = -5*s. Suppose j - 2*j = -4*v - 280, -826 = -s*j - 2*v. What is the tens digit of j?
7
Let d = -279 + 2668. What is the units digit of d?
9
Let f = 15199 + 14447. What is the thousands digit of f?
9
Let t(q) be the second derivative of 110*q**3 + 11*q**2 - 79*q. What is the tens digit of t(1)?
8
Let c be 6/(-1) - -3 - -1. Let l be ((-114)/24 + 5)/(c/(-16)). Suppose 5*n - 513 = l*w - 0, 5*n + 5*w = 485. What is the tens digit of n?
0
Let s = 19342 - -30197. What is the tens digit of s?
3
Let h(i) = 2*i + 27. Let n be h(-9). Let b be 12/n*9/(-2). Let x = b - -32. What is the tens digit of x?
2
What is the tens digit of 11/(33/39099) - -14?
4
Let h(u) = -5*u - 12. Let o(b) = -16*b - 35. Let v(i) = 7*h(i) - 2*o(i). Let q be v(-5). What is the units digit of ((226/(-10))/((-13)/65))/q?
3
Let v(o) = 135*o - 272. Let k be v(-5). Let y = k - -1544. What is the tens digit of y?
9
What is the tens digit of 89/((-22)/(-1782)*(-3)/(-6))?
1
Let i(c) = 25018*c**3 + 12*c**2 - 18*c + 3. What is the hundreds digit of i(1)?
0
Suppose 144*l = 130*l + 1109668. What is the units digit of l?
2
Let r(q) = 4*q - 1. Let m(v) = 172*v - 39. Let p(n) = m(n) + 6*r(n). What is the hundreds digit of p(6)?
1
Suppose -2*g + 18840 = 4*y, 19090 = 2*g + 2*y + 244. What is the tens digit of g?
2
Suppose 4*a = -2*r - 6, 4*r + 2*a = -4 + 10. Suppose -3*i - r*g = 442 - 1696, i - 418 = 4*g. What is the units digit of i?
8
Let o(f) = 2*f**2 - 5*f - 11. Let x = -54 - -49. Let y be o(x). Let h = 80 - y. What is the units digit of h?
6
Let k be (2 + 10/(-8))/((-2)/(-88)). Suppose -k = 8*u + 3*u. What is the tens digit of (-2)/(-8)*1180/5 + u?
5
Let q = 3478 - 2276. Suppose 18*v - 16*v = q. What is the hundreds digit of v?
6
Let a(u) = u**3 + 98*u**2 + 705*u + 101. What is the units digit of a(-88)?
1
Let l be (-1 + 5310/12)/(1/2). Let y = l + -458. What is the hundreds digit of y?
4
Let g(k) = -k**3 - 30*k**2 + 63*k + 1581. What is the tens digit of g(-33)?
6
Let x(p) = 7*p**3 + p**2 + 2*p + 2. Let h be x(-1). Let d = 11 + h. Suppose 2*b - 3*n = 239, d*b + 8*n - 585 = 3*n. What is the tens digit of b?
1
What is the tens digit of (-38 + 36)/(2/1)*15910/(-2)?
5
Suppose -l = 4, -5*s + 9*l - 7*l = -6933. What is the units digit of s?
5
Suppose -58 = 15*k - 13*k. Let g = 33 + k. What is the tens digit of (g/(-2))/((-3)/51)?
3
What is the thousands digit of (6 + -23 + 8 - (-10 - -2)) + 80864?
0
Suppose 3 = -u + 4, -4*t = 5*u - 1. Let k be t/4 - 138/(-8). What is the units digit of (-43)/(-6) - k/102?
7
Suppose 693633 = 23*p - 123*p + 2908933. What is the hundreds digit of p?
1
Suppose -c + 5*a + 6107 = 4*a, 0 = -2*c - 4*a + 12232. Suppose -c = -9*f - 602. What is the units digit of f?
2
Let i = -6227 - -11068. What is the hundreds digit of i?
8
Let z(q) = -4*q**2 + q. Let t be z(3). Let r(u) = u**3 + 12*u**2 + 4*u - 17. Let h be r(-12). Let x = t - h. What is the tens digit of x?
3
Let k = -317 - -537. Let p = k + 56. What is the hundreds digit of p?
2
What is the units digit of (-12)/(-6) - -2404 - 0?
6
Let x be (-1)/(-2) - (-36)/(-8). Suppose 4*l - 420 = -4*u, -5*u + 463 = -5*l - 72. What is the hundreds digit of u - ((-24)/x - 3)?
1
Let o = 167 + -234. Let s = -18 - o. Let a = s + 10. What is the units digit of a?
9
Suppose 0 = -f, -2*f = 3*r - f. Suppose r*o - 3450 = -3*o. Suppose 4*u - 3*m + 8*m = o, -u = 4*m - 282. What is the units digit of u?
0
Let o(k) = 9*k - 3. Let z be o(-2). Let b be (z + 1)*11/((-220)/72). Let u = 181 - b. What is the tens digit of u?
0
What is the thousands digit of (-19 - 11) + 3331 - 1/(2/(-12))?
3
Let o(d) be the third derivative of -d**5/60 + d**4/6 - 4*d**3/3 + 7*d**2. Let g be o(4). What is the units digit of (-375)/g + 14/112?
7
Suppose 2674*t = 2679*t - 11395. What is the units digit of t?
9
Let j = 4 + 1. What is the hundreds digit of 624/(1*(5 - 20/j))?
6
Let k be (-4)/10 - 6/15*-6. Let o be 22 - (0 + 1 + 1). What is the units digit of 6/(k + (-32)/o)?
5
Suppose -1398 = -8*m + 1450. What is the units digit of 2/(-8) - (-104397)/m?
3
Let m = 21502 - 19856. What is the hundreds digit of m?
6
Let t(z) be the second derivative of z**4/3 - 3*z**3/2 - 2*z**2 - z. Let x be t(-6). Suppose -3*h + 112 + x = 0. What is the units digit of h?
2
Suppose 5*q - 9 = 21. Suppose 0 = q*u + 3*u - 2412. Suppose -j = -5*j + 4*s + u, 4*s = j - 67. What is the tens digit of j?
6
Suppose 2*a + s - 114 = 0, -58*s - 285 = -5*a - 60*s. What is the tens digit of a?
5
Let l = -54 - -59. Suppose 0 = -3*p - 9, 4*v + l*p + 31 = -0*p. What is the tens digit of -4 + v - -5 - -32?
2
Let w = 583 - 587. What is the hundreds digit of w/6 + 23643/27?
8
What is the tens digit of ((7 - 70/10) + (-6957)/(-2))*2?
5
Let f(a) = 5*a**2 - 4